{"id":44,"date":"2025-06-16T21:19:38","date_gmt":"2025-06-16T21:19:38","guid":{"rendered":"https:\/\/www.monikakurpiewska.com\/?page_id=44"},"modified":"2025-07-10T19:41:16","modified_gmt":"2025-07-10T19:41:16","slug":"coaching","status":"publish","type":"page","link":"https:\/\/www.monikakurpiewska.com\/index.php\/coaching\/","title":{"rendered":"Coaching"},"content":{"rendered":"\t\t<div data-elementor-type=\"wp-page\" data-elementor-id=\"44\" class=\"elementor elementor-44\" data-elementor-post-type=\"page\">\n\t\t\t\t<div class=\"elementor-element elementor-element-7c99957 e-flex e-con-boxed e-con e-parent\" data-id=\"7c99957\" data-element_type=\"container\" data-e-type=\"container\">\n\t\t\t\t\t<div class=\"e-con-inner\">\n\t\t\t\t<div class=\"elementor-element elementor-element-d60dc53 elementor-widget elementor-widget-heading\" data-id=\"d60dc53\" data-element_type=\"widget\" data-e-type=\"widget\" data-widget_type=\"heading.default\">\n\t\t\t\t<div class=\"elementor-widget-container\">\n\t\t\t\t\t<h2 class=\"elementor-heading-title elementor-size-default\">Coaching<\/h2>\t\t\t\t<\/div>\n\t\t\t\t<\/div>\n\t\t\t\t<div class=\"elementor-element elementor-element-d532247 elementor-widget elementor-widget-text-editor\" data-id=\"d532247\" data-element_type=\"widget\" data-e-type=\"widget\" data-widget_type=\"text-editor.default\">\n\t\t\t\t<div class=\"elementor-widget-container\">\n\t\t\t\t\t\t\t\t\t<p>Jest wiele rodzaj\u00f3w i zastosowa\u0144 coachingu, natomiast ja pracuj\u0119 z kobietami w 3 g\u0142\u00f3wnych obszarach:<\/p>\t\t\t\t\t\t\t\t<\/div>\n\t\t\t\t<\/div>\n\t\t\t\t\t<\/div>\n\t\t\t\t<\/div>\n\t\t<div class=\"elementor-element elementor-element-94371cb e-flex e-con-boxed e-con e-parent\" data-id=\"94371cb\" data-element_type=\"container\" data-e-type=\"container\">\n\t\t\t\t\t<div class=\"e-con-inner\">\n\t\t\t\t<div class=\"elementor-element elementor-element-5aa12b6 elementor-widget elementor-widget-heading\" data-id=\"5aa12b6\" data-element_type=\"widget\" data-e-type=\"widget\" data-widget_type=\"heading.default\">\n\t\t\t\t<div class=\"elementor-widget-container\">\n\t\t\t\t\t<h2 class=\"elementor-heading-title elementor-size-default\">Life Coaching<\/h2>\t\t\t\t<\/div>\n\t\t\t\t<\/div>\n\t\t\t\t\t<\/div>\n\t\t\t\t<\/div>\n\t\t<div class=\"elementor-element elementor-element-f1c11e8 e-flex e-con-boxed e-con e-parent\" data-id=\"f1c11e8\" data-element_type=\"container\" data-e-type=\"container\">\n\t\t\t\t\t<div class=\"e-con-inner\">\n\t\t<div class=\"elementor-element elementor-element-41e95dd e-con-full e-flex e-con e-child\" data-id=\"41e95dd\" data-element_type=\"container\" data-e-type=\"container\">\n\t\t\t\t<div class=\"elementor-element elementor-element-63d71f2 elementor-widget elementor-widget-text-editor\" data-id=\"63d71f2\" data-element_type=\"widget\" data-e-type=\"widget\" data-widget_type=\"text-editor.default\">\n\t\t\t\t<div class=\"elementor-widget-container\">\n\t\t\t\t\t\t\t\t\t<p><strong>W ramach life coachingu b\u0119dziemy pracowa\u0107 nad nast\u0119puj\u0105cymi obszarami: <\/strong><\/p><p>Je\u015bli chcia\u0142aby\u015b odkry\u0107, jak wykreowa\u0107 pe\u0142ne rado\u015bci i harmonii \u017cycie, o kt\u00f3rym marzysz, albo czujesz, \u017ce \u201eco\u015b jest nie tak\u201d, ale nie wiesz, co dok\u0142adnie? Je\u015bli stoisz na \u017cyciowym rozdro\u017cu lub prze\u017cywasz kryzys, a mo\u017ce chcesz lepiej pozna\u0107 siebie i \u017cy\u0107 bardziej \u015bwiadomie? Je\u015bli masz osobiste cele, kt\u00f3re chcesz zrealizowa\u0107 (np. schudn\u0105\u0107, wyjecha\u0107, zacz\u0105\u0107 co\u015b nowego) lub te\u017c potrzebujesz motywacji i wsparcia w zmianie stylu \u017cycia lub nawyk\u00f3w? \u00a0<\/p><p>To b\u0119dzie cykl spotka\u0144 dla Ciebie!\u2028\u2028<\/p>\t\t\t\t\t\t\t\t<\/div>\n\t\t\t\t<\/div>\n\t\t\t\t<\/div>\n\t\t<div class=\"elementor-element elementor-element-d150960 e-con-full e-flex e-con e-child\" data-id=\"d150960\" data-element_type=\"container\" data-e-type=\"container\">\n\t\t<div class=\"elementor-element elementor-element-a1e0715 e-con-full e-flex e-con e-child\" data-id=\"a1e0715\" data-element_type=\"container\" data-e-type=\"container\">\n\t\t<div class=\"elementor-element elementor-element-fe0c4bd e-con-full e-flex e-con e-child\" data-id=\"fe0c4bd\" data-element_type=\"container\" data-e-type=\"container\" data-settings=\"{&quot;background_background&quot;:&quot;classic&quot;}\">\n\t\t\t\t<div class=\"elementor-element elementor-element-cea3f03 elementor-widget elementor-widget-heading\" data-id=\"cea3f03\" data-element_type=\"widget\" data-e-type=\"widget\" data-widget_type=\"heading.default\">\n\t\t\t\t<div class=\"elementor-widget-container\">\n\t\t\t\t\t<h2 class=\"elementor-heading-title elementor-size-default\">Poczucie sensu i <p> kierunku w \u017cyciu<\/p><\/h2>\t\t\t\t<\/div>\n\t\t\t\t<\/div>\n\t\t\t\t<\/div>\n\t\t<div class=\"elementor-element elementor-element-1a4560d e-con-full e-flex e-con e-child\" data-id=\"1a4560d\" data-element_type=\"container\" data-e-type=\"container\" data-settings=\"{&quot;background_background&quot;:&quot;classic&quot;}\">\n\t\t\t\t<div class=\"elementor-element elementor-element-2d35426 elementor-widget elementor-widget-heading\" data-id=\"2d35426\" data-element_type=\"widget\" data-e-type=\"widget\" data-widget_type=\"heading.default\">\n\t\t\t\t<div class=\"elementor-widget-container\">\n\t\t\t\t\t<h2 class=\"elementor-heading-title elementor-size-default\">Zarz\u0105dzanie czasem i r\u00f3wnowaga \u017cyciowa<\/h2>\t\t\t\t<\/div>\n\t\t\t\t<\/div>\n\t\t\t\t<\/div>\n\t\t<div class=\"elementor-element elementor-element-68ca946 e-con-full e-flex e-con e-child\" data-id=\"68ca946\" data-element_type=\"container\" data-e-type=\"container\" data-settings=\"{&quot;background_background&quot;:&quot;classic&quot;}\">\n\t\t\t\t<div class=\"elementor-element elementor-element-454c555 elementor-widget elementor-widget-heading\" data-id=\"454c555\" data-element_type=\"widget\" data-e-type=\"widget\" data-widget_type=\"heading.default\">\n\t\t\t\t<div class=\"elementor-widget-container\">\n\t\t\t\t\t<h2 class=\"elementor-heading-title elementor-size-default\">Rozwijanie <p>samo\u015bwiadomo\u015bci<\/p><\/h2>\t\t\t\t<\/div>\n\t\t\t\t<\/div>\n\t\t\t\t<\/div>\n\t\t\t\t<\/div>\n\t\t<div class=\"elementor-element elementor-element-19c90e5 e-con-full e-flex e-con e-child\" data-id=\"19c90e5\" data-element_type=\"container\" data-e-type=\"container\">\n\t\t<div class=\"elementor-element elementor-element-1d601c1 e-con-full e-flex e-con e-child\" data-id=\"1d601c1\" data-element_type=\"container\" data-e-type=\"container\" data-settings=\"{&quot;background_background&quot;:&quot;classic&quot;}\">\n\t\t\t\t<div class=\"elementor-element elementor-element-55fd943 elementor-widget elementor-widget-heading\" data-id=\"55fd943\" data-element_type=\"widget\" data-e-type=\"widget\" data-widget_type=\"heading.default\">\n\t\t\t\t<div class=\"elementor-widget-container\">\n\t\t\t\t\t<h2 class=\"elementor-heading-title elementor-size-default\">Budowanie <p>pewno\u015bci siebie<\/h2>\t\t\t\t<\/div>\n\t\t\t\t<\/div>\n\t\t\t\t<\/div>\n\t\t<div class=\"elementor-element elementor-element-2d6aef7 e-con-full e-flex e-con e-child\" data-id=\"2d6aef7\" data-element_type=\"container\" data-e-type=\"container\" data-settings=\"{&quot;background_background&quot;:&quot;classic&quot;}\">\n\t\t\t\t<div class=\"elementor-element elementor-element-4f6c29f elementor-widget elementor-widget-heading\" data-id=\"4f6c29f\" data-element_type=\"widget\" data-e-type=\"widget\" data-widget_type=\"heading.default\">\n\t\t\t\t<div class=\"elementor-widget-container\">\n\t\t\t\t\t<h2 class=\"elementor-heading-title elementor-size-default\">Poprawa relacji <p>\ninterpersonalnych<\/h2>\t\t\t\t<\/div>\n\t\t\t\t<\/div>\n\t\t\t\t<\/div>\n\t\t<div class=\"elementor-element elementor-element-67aeb7a e-con-full e-flex e-con e-child\" data-id=\"67aeb7a\" data-element_type=\"container\" data-e-type=\"container\" data-settings=\"{&quot;background_background&quot;:&quot;classic&quot;}\">\n\t\t\t\t<div class=\"elementor-element elementor-element-b6decb3 elementor-widget elementor-widget-heading\" data-id=\"b6decb3\" data-element_type=\"widget\" data-e-type=\"widget\" data-widget_type=\"heading.default\">\n\t\t\t\t<div class=\"elementor-widget-container\">\n\t\t\t\t\t<h2 class=\"elementor-heading-title elementor-size-default\">Radzenie sobie<p> ze zmianami<\/h2>\t\t\t\t<\/div>\n\t\t\t\t<\/div>\n\t\t\t\t<\/div>\n\t\t\t\t<\/div>\n\t\t\t\t<\/div>\n\t\t\t\t\t<\/div>\n\t\t\t\t<\/div>\n\t\t<div class=\"elementor-element elementor-element-89354a9 e-flex e-con-boxed e-con e-parent\" data-id=\"89354a9\" data-element_type=\"container\" data-e-type=\"container\" id=\"kariery\">\n\t\t\t\t\t<div class=\"e-con-inner\">\n\t\t\t\t<div class=\"elementor-element elementor-element-06bc3f4 elementor-widget elementor-widget-heading\" data-id=\"06bc3f4\" data-element_type=\"widget\" data-e-type=\"widget\" data-widget_type=\"heading.default\">\n\t\t\t\t<div class=\"elementor-widget-container\">\n\t\t\t\t\t<h2 class=\"elementor-heading-title elementor-size-default\">Coaching Kariery<\/h2>\t\t\t\t<\/div>\n\t\t\t\t<\/div>\n\t\t\t\t\t<\/div>\n\t\t\t\t<\/div>\n\t\t<div class=\"elementor-element elementor-element-52f3ae8 e-flex e-con-boxed e-con e-parent\" data-id=\"52f3ae8\" data-element_type=\"container\" data-e-type=\"container\">\n\t\t\t\t\t<div class=\"e-con-inner\">\n\t\t<div class=\"elementor-element elementor-element-5f48689 e-con-full e-flex e-con e-child\" data-id=\"5f48689\" data-element_type=\"container\" data-e-type=\"container\">\n\t\t\t\t<div class=\"elementor-element elementor-element-88c6d72 elementor-widget elementor-widget-text-editor\" data-id=\"88c6d72\" data-element_type=\"widget\" data-e-type=\"widget\" data-widget_type=\"text-editor.default\">\n\t\t\t\t<div class=\"elementor-widget-container\">\n\t\t\t\t\t\t\t\t\t<p><strong>W ramach life coaching b\u0119dziemy pracowa\u0107 nad nast\u0119puj\u0105cymi obszarami: <\/strong><\/p><p>Je\u015bli od d\u0142u\u017cszego czasu my\u015blisz o zmianie pracy, albo znalaz\u0142a\u015b si\u0119 w niespodziewanej sytuacji, \u017ce na nowo pr\u00f3bujesz odnale\u017a\u0107 si\u0119 na rynku pracy? A mo\u017ce chcesz wznie\u015b\u0107 swoj\u0105 obecn\u0105 karier\u0119 na wy\u017cszy poziom, lub potrzebujesz zmodyfikowa\u0107 swoje \u017cycie zawodowe tak, aby by\u0142o bardziej w harmonii i zgodzie z Tob\u0105?<\/p><p>To b\u0119dzie cykl spotka\u0144 dla Ciebie!<\/p>\t\t\t\t\t\t\t\t<\/div>\n\t\t\t\t<\/div>\n\t\t\t\t<\/div>\n\t\t<div class=\"elementor-element elementor-element-d85c2c5 e-con-full e-flex e-con e-child\" data-id=\"d85c2c5\" data-element_type=\"container\" data-e-type=\"container\">\n\t\t<div class=\"elementor-element elementor-element-1b9f270 e-con-full e-flex e-con e-child\" data-id=\"1b9f270\" data-element_type=\"container\" data-e-type=\"container\">\n\t\t<div class=\"elementor-element elementor-element-1a1ccac e-con-full e-flex e-con e-child\" data-id=\"1a1ccac\" data-element_type=\"container\" data-e-type=\"container\" data-settings=\"{&quot;background_background&quot;:&quot;classic&quot;}\">\n\t\t\t\t<div class=\"elementor-element elementor-element-7d7b4dd elementor-widget elementor-widget-heading\" data-id=\"7d7b4dd\" data-element_type=\"widget\" data-e-type=\"widget\" data-widget_type=\"heading.default\">\n\t\t\t\t<div class=\"elementor-widget-container\">\n\t\t\t\t\t<h2 class=\"elementor-heading-title elementor-size-default\">Okre\u015blenie cel\u00f3w zawodowych\n\n\u200b<\/h2>\t\t\t\t<\/div>\n\t\t\t\t<\/div>\n\t\t\t\t<\/div>\n\t\t<div class=\"elementor-element elementor-element-02f7121 e-con-full e-flex e-con e-child\" data-id=\"02f7121\" data-element_type=\"container\" data-e-type=\"container\" data-settings=\"{&quot;background_background&quot;:&quot;classic&quot;}\">\n\t\t\t\t<div class=\"elementor-element elementor-element-9b9f44a elementor-widget elementor-widget-heading\" data-id=\"9b9f44a\" data-element_type=\"widget\" data-e-type=\"widget\" data-widget_type=\"heading.default\">\n\t\t\t\t<div class=\"elementor-widget-container\">\n\t\t\t\t\t<h2 class=\"elementor-heading-title elementor-size-default\">Poznanie siebie<\/h2>\t\t\t\t<\/div>\n\t\t\t\t<\/div>\n\t\t\t\t<\/div>\n\t\t<div class=\"elementor-element elementor-element-62cb9fc e-con-full e-flex e-con e-child\" data-id=\"62cb9fc\" data-element_type=\"container\" data-e-type=\"container\" data-settings=\"{&quot;background_background&quot;:&quot;classic&quot;}\">\n\t\t\t\t<div class=\"elementor-element elementor-element-ce3adb1 elementor-widget elementor-widget-heading\" data-id=\"ce3adb1\" data-element_type=\"widget\" data-e-type=\"widget\" data-widget_type=\"heading.default\">\n\t\t\t\t<div class=\"elementor-widget-container\">\n\t\t\t\t\t<h2 class=\"elementor-heading-title elementor-size-default\">Zmiana lub rozw\u00f3j \u015bcie\u017cki kariery<\/h2>\t\t\t\t<\/div>\n\t\t\t\t<\/div>\n\t\t\t\t<\/div>\n\t\t\t\t<\/div>\n\t\t<div class=\"elementor-element elementor-element-0a305f1 e-con-full e-flex e-con e-child\" data-id=\"0a305f1\" data-element_type=\"container\" data-e-type=\"container\">\n\t\t<div class=\"elementor-element elementor-element-a44508b e-con-full e-flex e-con e-child\" data-id=\"a44508b\" data-element_type=\"container\" data-e-type=\"container\" data-settings=\"{&quot;background_background&quot;:&quot;classic&quot;}\">\n\t\t\t\t<div class=\"elementor-element elementor-element-3800917 elementor-widget elementor-widget-heading\" data-id=\"3800917\" data-element_type=\"widget\" data-e-type=\"widget\" data-widget_type=\"heading.default\">\n\t\t\t\t<div class=\"elementor-widget-container\">\n\t\t\t\t\t<h2 class=\"elementor-heading-title elementor-size-default\">Wsparcie w procesie rekrutacji<\/h2>\t\t\t\t<\/div>\n\t\t\t\t<\/div>\n\t\t\t\t<\/div>\n\t\t<div class=\"elementor-element elementor-element-a905df2 e-con-full e-flex e-con e-child\" data-id=\"a905df2\" data-element_type=\"container\" data-e-type=\"container\" data-settings=\"{&quot;background_background&quot;:&quot;classic&quot;}\">\n\t\t\t\t<div class=\"elementor-element elementor-element-f50a8f5 elementor-widget elementor-widget-heading\" data-id=\"f50a8f5\" data-element_type=\"widget\" data-e-type=\"widget\" data-widget_type=\"heading.default\">\n\t\t\t\t<div class=\"elementor-widget-container\">\n\t\t\t\t\t<h2 class=\"elementor-heading-title elementor-size-default\">Przeciwdzia\u0142anie wypaleniu zawodowemu<\/h2>\t\t\t\t<\/div>\n\t\t\t\t<\/div>\n\t\t\t\t<\/div>\n\t\t<div class=\"elementor-element elementor-element-e5bb96b e-con-full e-flex e-con e-child\" data-id=\"e5bb96b\" data-element_type=\"container\" data-e-type=\"container\" data-settings=\"{&quot;background_background&quot;:&quot;classic&quot;}\">\n\t\t\t\t<div class=\"elementor-element elementor-element-5917df2 elementor-widget elementor-widget-heading\" data-id=\"5917df2\" data-element_type=\"widget\" data-e-type=\"widget\" data-widget_type=\"heading.default\">\n\t\t\t\t<div class=\"elementor-widget-container\">\n\t\t\t\t\t<h2 class=\"elementor-heading-title elementor-size-default\">Poczucie sensu w pracy<\/h2>\t\t\t\t<\/div>\n\t\t\t\t<\/div>\n\t\t\t\t<\/div>\n\t\t\t\t<\/div>\n\t\t\t\t<\/div>\n\t\t\t\t\t<\/div>\n\t\t\t\t<\/div>\n\t\t<div class=\"elementor-element elementor-element-e1ad736 e-flex e-con-boxed e-con e-parent\" data-id=\"e1ad736\" data-element_type=\"container\" data-e-type=\"container\" id=\"leadership\">\n\t\t\t\t\t<div class=\"e-con-inner\">\n\t\t\t\t<div class=\"elementor-element elementor-element-8defdc7 elementor-widget elementor-widget-heading\" data-id=\"8defdc7\" data-element_type=\"widget\" data-e-type=\"widget\" data-widget_type=\"heading.default\">\n\t\t\t\t<div class=\"elementor-widget-container\">\n\t\t\t\t\t<h2 class=\"elementor-heading-title elementor-size-default\">Leadership Coaching<\/h2>\t\t\t\t<\/div>\n\t\t\t\t<\/div>\n\t\t\t\t\t<\/div>\n\t\t\t\t<\/div>\n\t\t<div class=\"elementor-element elementor-element-e497fe7 e-flex e-con-boxed e-con e-parent\" data-id=\"e497fe7\" data-element_type=\"container\" data-e-type=\"container\">\n\t\t\t\t\t<div class=\"e-con-inner\">\n\t\t<div class=\"elementor-element elementor-element-3eb7d99 e-con-full e-flex e-con e-child\" data-id=\"3eb7d99\" data-element_type=\"container\" data-e-type=\"container\">\n\t\t\t\t<div class=\"elementor-element elementor-element-9e2eb4e elementor-widget elementor-widget-text-editor\" data-id=\"9e2eb4e\" data-element_type=\"widget\" data-e-type=\"widget\" data-widget_type=\"text-editor.default\">\n\t\t\t\t<div class=\"elementor-widget-container\">\n\t\t\t\t\t\t\t\t\t<p><strong>W ramach leadership coachingu b\u0119dziemy pracowa\u0107 nad nast\u0119puj\u0105cymi obszarami:<\/strong><\/p><p>Je\u015bli zajmujesz stanowiska kierownicze lub te\u017c jeste\u015b w trakcie awansu lub przygotowania do roli lidera, a mo\u017ce chcesz skuteczniej zarz\u0105dza\u0107 zespo\u0142em, firm\u0105 lub projektem, lub te\u017c mierzysz si\u0119 z wyzwaniami takimi jak:<\/p><ul><li>spadek motywacji w zespole,<\/li><li>konflikty,<\/li><li>nadmiar obowi\u0105zk\u00f3w,<\/li><li>szybki wzrost firmy?<\/li><\/ul><p style=\"margin-top: 20px;\">To b\u0119dzie cykl spotka\u0144 dla Ciebie!<\/p>\t\t\t\t\t\t\t\t<\/div>\n\t\t\t\t<\/div>\n\t\t\t\t<\/div>\n\t\t<div class=\"elementor-element elementor-element-4ce2ac6 e-con-full e-flex e-con e-child\" data-id=\"4ce2ac6\" data-element_type=\"container\" data-e-type=\"container\">\n\t\t<div class=\"elementor-element elementor-element-9511614 e-con-full e-flex e-con e-child\" data-id=\"9511614\" data-element_type=\"container\" data-e-type=\"container\">\n\t\t<div class=\"elementor-element elementor-element-9463abe e-con-full e-flex e-con e-child\" data-id=\"9463abe\" data-element_type=\"container\" data-e-type=\"container\" data-settings=\"{&quot;background_background&quot;:&quot;classic&quot;}\">\n\t\t\t\t<div class=\"elementor-element elementor-element-9c5d85f elementor-widget elementor-widget-heading\" data-id=\"9c5d85f\" data-element_type=\"widget\" data-e-type=\"widget\" data-widget_type=\"heading.default\">\n\t\t\t\t<div class=\"elementor-widget-container\">\n\t\t\t\t\t<h2 class=\"elementor-heading-title elementor-size-default\">Styl<p> przyw\u00f3dztwa<\/p><\/h2>\t\t\t\t<\/div>\n\t\t\t\t<\/div>\n\t\t\t\t<\/div>\n\t\t<div class=\"elementor-element elementor-element-3b0fdf2 e-con-full e-flex e-con e-child\" data-id=\"3b0fdf2\" data-element_type=\"container\" data-e-type=\"container\" data-settings=\"{&quot;background_background&quot;:&quot;classic&quot;}\">\n\t\t\t\t<div class=\"elementor-element elementor-element-56c3fb3 elementor-widget elementor-widget-heading\" data-id=\"56c3fb3\" data-element_type=\"widget\" data-e-type=\"widget\" data-widget_type=\"heading.default\">\n\t\t\t\t<div class=\"elementor-widget-container\">\n\t\t\t\t\t<h2 class=\"elementor-heading-title elementor-size-default\">Zarz\u0105dzanie <p> zespo\u0142em<\/p><\/h2>\t\t\t\t<\/div>\n\t\t\t\t<\/div>\n\t\t\t\t<\/div>\n\t\t<div class=\"elementor-element elementor-element-5b872ec e-con-full e-flex e-con e-child\" data-id=\"5b872ec\" data-element_type=\"container\" data-e-type=\"container\" data-settings=\"{&quot;background_background&quot;:&quot;classic&quot;}\">\n\t\t\t\t<div class=\"elementor-element elementor-element-4883ba3 elementor-widget elementor-widget-heading\" data-id=\"4883ba3\" data-element_type=\"widget\" data-e-type=\"widget\" data-widget_type=\"heading.default\">\n\t\t\t\t<div class=\"elementor-widget-container\">\n\t\t\t\t\t<h2 class=\"elementor-heading-title elementor-size-default\">Komunikacja i <p> feedback<\/h2>\t\t\t\t<\/div>\n\t\t\t\t<\/div>\n\t\t\t\t<\/div>\n\t\t\t\t<\/div>\n\t\t<div class=\"elementor-element elementor-element-85944c0 e-con-full e-flex e-con e-child\" data-id=\"85944c0\" data-element_type=\"container\" data-e-type=\"container\">\n\t\t<div class=\"elementor-element elementor-element-16104ec e-con-full e-flex e-con e-child\" data-id=\"16104ec\" data-element_type=\"container\" data-e-type=\"container\" data-settings=\"{&quot;background_background&quot;:&quot;classic&quot;}\">\n\t\t\t\t<div class=\"elementor-element elementor-element-9524686 elementor-widget elementor-widget-heading\" data-id=\"9524686\" data-element_type=\"widget\" data-e-type=\"widget\" data-widget_type=\"heading.default\">\n\t\t\t\t<div class=\"elementor-widget-container\">\n\t\t\t\t\t<h2 class=\"elementor-heading-title elementor-size-default\">Podejmowanie <p> decyzji i odpowiedzialno\u015b\u0107<\/h2>\t\t\t\t<\/div>\n\t\t\t\t<\/div>\n\t\t\t\t<\/div>\n\t\t<div class=\"elementor-element elementor-element-5583e35 e-con-full e-flex e-con e-child\" data-id=\"5583e35\" data-element_type=\"container\" data-e-type=\"container\" data-settings=\"{&quot;background_background&quot;:&quot;classic&quot;}\">\n\t\t\t\t<div class=\"elementor-element elementor-element-a73672d elementor-widget elementor-widget-heading\" data-id=\"a73672d\" data-element_type=\"widget\" data-e-type=\"widget\" data-widget_type=\"heading.default\">\n\t\t\t\t<div class=\"elementor-widget-container\">\n\t\t\t\t\t<h2 class=\"elementor-heading-title elementor-size-default\">Radzenie sobie ze <p> stresem i presj\u0105<\/h2>\t\t\t\t<\/div>\n\t\t\t\t<\/div>\n\t\t\t\t<\/div>\n\t\t<div class=\"elementor-element elementor-element-1df3f50 e-con-full e-flex e-con e-child\" data-id=\"1df3f50\" data-element_type=\"container\" data-e-type=\"container\" data-settings=\"{&quot;background_background&quot;:&quot;classic&quot;}\">\n\t\t\t\t<div class=\"elementor-element elementor-element-006e9b4 elementor-widget elementor-widget-heading\" data-id=\"006e9b4\" data-element_type=\"widget\" data-e-type=\"widget\" data-widget_type=\"heading.default\">\n\t\t\t\t<div class=\"elementor-widget-container\">\n\t\t\t\t\t<h2 class=\"elementor-heading-title elementor-size-default\">Budowanie <p> autorytetu i zaufania<\/h2>\t\t\t\t<\/div>\n\t\t\t\t<\/div>\n\t\t\t\t<\/div>\n\t\t\t\t<\/div>\n\t\t\t\t<\/div>\n\t\t\t\t\t<\/div>\n\t\t\t\t<\/div>\n\t\t<div class=\"elementor-element elementor-element-66f2808 e-flex e-con-boxed e-con e-parent\" data-id=\"66f2808\" data-element_type=\"container\" data-e-type=\"container\">\n\t\t\t\t\t<div class=\"e-con-inner\">\n\t\t\t\t<div class=\"elementor-element elementor-element-1875c82 elementor-align-center elementor-widget elementor-widget-button\" data-id=\"1875c82\" data-element_type=\"widget\" data-e-type=\"widget\" data-widget_type=\"button.default\">\n\t\t\t\t<div class=\"elementor-widget-container\">\n\t\t\t\t\t\t\t\t\t<div class=\"elementor-button-wrapper\">\n\t\t\t\t\t<a class=\"elementor-button elementor-button-link elementor-size-sm\" href=\"https:\/\/www.monikakurpiewska.com\/index.php\/kontakt\/\">\n\t\t\t\t\t\t<span class=\"elementor-button-content-wrapper\">\n\t\t\t\t\t\t\t\t\t<span class=\"elementor-button-text\">Skontaktuj si\u0119 ze mn\u0105<\/span>\n\t\t\t\t\t<\/span>\n\t\t\t\t\t<\/a>\n\t\t\t\t<\/div>\n\t\t\t\t\t\t\t\t<\/div>\n\t\t\t\t<\/div>\n\t\t\t\t\t<\/div>\n\t\t\t\t<\/div>\n\t\t<div class=\"elementor-element elementor-element-a97aec6 e-flex e-con-boxed e-con e-parent\" data-id=\"a97aec6\" data-element_type=\"container\" data-e-type=\"container\">\n\t\t\t\t\t<div class=\"e-con-inner\">\n\t\t\t\t<div class=\"elementor-element elementor-element-6c5d2d9 elementor-widget elementor-widget-spacer\" data-id=\"6c5d2d9\" data-element_type=\"widget\" data-e-type=\"widget\" data-widget_type=\"spacer.default\">\n\t\t\t\t<div class=\"elementor-widget-container\">\n\t\t\t\t\t\t\t<div class=\"elementor-spacer\">\n\t\t\t<div class=\"elementor-spacer-inner\"><\/div>\n\t\t<\/div>\n\t\t\t\t\t\t<\/div>\n\t\t\t\t<\/div>\n\t\t\t\t\t<\/div>\n\t\t\t\t<\/div>\n\t\t\t\t<\/div>\n\t\t","protected":false},"excerpt":{"rendered":"<p>Coaching Jest wiele rodzaj\u00f3w i zastosowa\u0144 coachingu, natomiast ja pracuj\u0119 z kobietami w 3 g\u0142\u00f3wnych obszarach: Life Coaching W ramach life coachingu b\u0119dziemy pracowa\u0107 nad nast\u0119puj\u0105cymi obszarami: Je\u015bli chcia\u0142aby\u015b odkry\u0107, jak wykreowa\u0107 pe\u0142ne rado\u015bci i harmonii \u017cycie, o kt\u00f3rym marzysz, albo czujesz, \u017ce \u201eco\u015b jest nie tak\u201d, ale nie wiesz, co dok\u0142adnie? Je\u015bli stoisz na [&hellip;]<\/p>\n","protected":false},"author":1,"featured_media":0,"parent":0,"menu_order":0,"comment_status":"closed","ping_status":"closed","template":"","meta":{"footnotes":""},"class_list":["post-44","page","type-page","status-publish","hentry"],"_links":{"self":[{"href":"https:\/\/www.monikakurpiewska.com\/index.php\/wp-json\/wp\/v2\/pages\/44","targetHints":{"allow":["GET"]}}],"collection":[{"href":"https:\/\/www.monikakurpiewska.com\/index.php\/wp-json\/wp\/v2\/pages"}],"about":[{"href":"https:\/\/www.monikakurpiewska.com\/index.php\/wp-json\/wp\/v2\/types\/page"}],"author":[{"embeddable":true,"href":"https:\/\/www.monikakurpiewska.com\/index.php\/wp-json\/wp\/v2\/users\/1"}],"replies":[{"embeddable":true,"href":"https:\/\/www.monikakurpiewska.com\/index.php\/wp-json\/wp\/v2\/comments?post=44"}],"version-history":[{"count":442,"href":"https:\/\/www.monikakurpiewska.com\/index.php\/wp-json\/wp\/v2\/pages\/44\/revisions"}],"predecessor-version":[{"id":1165,"href":"https:\/\/www.monikakurpiewska.com\/index.php\/wp-json\/wp\/v2\/pages\/44\/revisions\/1165"}],"wp:attachment":[{"href":"https:\/\/www.monikakurpiewska.com\/index.php\/wp-json\/wp\/v2\/media?parent=44"}],"curies":[{"name":"wp","href":"https:\/\/api.w.org\/{rel}","templated":true}]}}